6. Suppose -4*z + 9*z + v = 0. Let w = z - -22. List the prime factors of w.
13
Suppose -4*d - 185 = -l, 717 = 5*l - d - 227. List the prime factors of l.
3, 7
Let p = 6 - 0. Suppose -p*w - 28 = -10*w. What are the prime factors of w?
7
Let n be (-5 + 1)*66/(-8). Suppose -t - 5*j = -n, 0*j - 295 = -5*t + j. List the prime factors of t.
2, 29
Let h(f) = 7*f**2 - 7*f - 13. What are the prime factors of h(-4)?
127
Let c(i) = -i**3 - i**2 - 2*i - 1. Let t be c(-1). Let f = -20 - -23. What are the prime factors of 32/12*f*t?
2
Let y be ((-2)/(-3))/((-6)/9). List the prime factors of 3/3 + (-2)/y.
3
Suppose -578 = -5*u + 3*y, -4*u = u + 5*y - 610. List the prime factors of u.
2, 59
Let v(n) = -n**2 + 0*n**2 - 4 + 15*n + 21. List the prime factors of v(12).
53
Let g be (-5 + 2)/(-3)*2. Suppose 4*n - b - 22 = 13, g*n - 3*b = 5. What are the prime factors of (28/(-6))/(n/(-15))?
7
Let d = 20 + -11. What are the prime factors of (3/(-9))/((-1)/d)?
3
Let k be 5 - 4 - -2*1. Suppose -3*i + k*u + 93 = 0, -3*u + 12 = -6*u. List the prime factors of i.
3
Suppose -2*r + 4*w + 32 = 0, 3*r = -6*w + 3*w + 30. List the prime factors of r.
2, 3
Let m(p) = -2*p**3 + p**2 - p. Let r = 2 + -4. What are the prime factors of m(r)?
2, 11
Suppose x + 20 = 3*x. Let k = 25 - x. List the prime factors of k.
3, 5
Let u(o) = 6*o - 2. Let i be u(2). Let z = 16 - i. List the prime factors of (z + 0)*(-1)/(-2).
3
Let s(p) = -p - 3. Let r be s(-3). Let o(z) = -z + 1. Let h be o(r). What are the prime factors of 4 + (1 - h) + -2?
2
Let j(c) = -4*c - 14. List the prime factors of j(-5).
2, 3
Suppose c + 13 = 3*f + 2*c, 4*f = -c + 16. Suppose -2*q + 5*a + 98 = 0, -6 = 4*a + 2. Suppose -2*r - 3*r = n + 12, f*n - r = q. What are the prime factors of n?
13
Let v be (8/6)/(4/6). Let x be -3*v/4*-2. Suppose -6 = -a - x. List the prime factors of a.
3
Let r(h) = -58*h**2 - 1. Let j be r(1). Let c = j - -87. List the prime factors of c.
2, 7
Let i(s) = -s + 21. List the prime factors of i(-15).
2, 3
Let k(u) = -u**2 + 12*u + 9. Let b be k(12). Suppose -105 = -2*m - b. What are the prime factors of m?
2, 3
Suppose 19*k = 4891 + 1341. What are the prime factors of k?
2, 41
Let a = 70 + -27. What are the prime factors of a?
43
Let d = -4 - -2. Let o = d - -10. List the prime factors of o.
2
Let w(f) = f**2 + 3*f - 4. Let y be w(-4). Suppose -z + 0*z + x = -6, -2*z = x. Suppose 5*d + z*a - 31 = y, 0*d + d = 5*a - 10. List the prime factors of d.
5
Let q(d) = -20*d - 55. What are the prime factors of q(-21)?
5, 73
Suppose 539 = 7*o - 0*o. What are the prime factors of o?
7, 11
Suppose -c - 11 = -5*h, 2*h + 14 = 4*c + c. What are the prime factors of h?
3
Let h(p) = 6*p - 1. Let c be h(-5). Let u = 121 + -76. Let m = c + u. List the prime factors of m.
2, 7
Let l = 9 + -6. Suppose g = -l*g + 88. List the prime factors of g.
2, 11
Let h(o) = o**2 + 5*o. Let g be h(-6). Let z = g + 1. What are the prime factors of z?
7
Let m be 1 + (-243)/3 + 0. Let n = 120 + m. List the prime factors of n.
2, 5
Suppose x - 2*r - 48 = 0, 6*x - 123 = 3*x - r. What are the prime factors of x?
2, 3, 7
Suppose 4*b = 344 - 68. List the prime factors of b.
3, 23
Let z = 2 + 17. What are the prime factors of z?
19
Let k = 4 - 0. Suppose -k*c = 1 - 17. Let l(j) = j**2 - 2*j + 2. List the prime factors of l(c).
2, 5
Let f(p) = 5*p - 29. Let o(h) = -3*h + 15. Let t(v) = -4*f(v) - 7*o(v). What are the prime factors of t(8)?
19
Let c be ((-9)/6)/(3/4). Let u = c + 5. Suppose 4 - 16 = -u*k. What are the prime factors of k?
2
Let x(l) = -2*l**3 + 4*l**2 - 3*l. Let v be x(2). Let b(r) be the second derivative of -r**3/6 - 3*r**2/2 + 3*r. List the prime factors of b(v).
3
Let z(f) = f**3 - 4*f**2 - 5*f + 3. Let m be z(5). Suppose m*t = 2*p - 30, -3*p + t + 35 = -t. List the prime factors of p.
3
Suppose -3*l = -116 - 604. List the prime factors of l.
2, 3, 5
Let y(c) = 12*c. List the prime factors of y(6).
2, 3
Suppose 2*q + 8 = n, 5*q - 2*n = -n - 14. List the prime factors of (-23)/(-1)*1 - q.
5
Let s(d) = 2*d**2 - d. Let c be s(-3). Let i = c + -12. What are the prime factors of i?
3
Let c(k) = -4*k**3 - 2*k**2 - k - 1. What are the prime factors of c(-2)?
5
What are the prime factors of 6/1*(-66)/(-12)?
3, 11
Let b = 20 - 14. Suppose d + 2 = b. List the prime factors of 5/20 - (-55)/d.
2, 7
Suppose 0 = -2*z - 2*s + 48, 87 + 73 = 5*z - 3*s. List the prime factors of z.
29
Suppose 0 = -2*r - 0*r + 10. Suppose 29 = r*t + j - 41, -j = 4*t - 55. List the prime factors of t.
3, 5
Let u = -50 + 191. What are the prime factors of u?
3, 47
Suppose 0 = 4*w - 427 - 49. What are the prime factors of w?
7, 17
Let y(d) = d**3 + 4*d**2 + 3*d + 3. Let p be y(-3). Let k(i) = 2*i**3 - 3*i**2 - 3*i - 4. List the prime factors of k(p).
2, 7
Let a = 85 + 2. What are the prime factors of a?
3, 29
Suppose 15 = 5*k - 0*k. Let f be 7/k - 2/6. Suppose f*j - 3*j + 16 = 0. What are the prime factors of j?
2
Let z(g) = -2*g**3 - g**2 + 4*g - 3. Let q be z(2). Suppose 2*d + 0*d = -18. Let s = d - q. What are the prime factors of s?
2, 3
Let a = -32 - -67. List the prime factors of a.
5, 7
Let q(g) = 131*g**2 + 1. Let i be q(-1). Suppose 4*j + 5*m - 114 = 0, 4*j = 4*m - 0*m + i. List the prime factors of j.
31
Suppose 5*x - 7 = 8. Suppose -x*n + 14 = 5. What are the prime factors of n?
3
Let z = 4 + -8. Let c be (-6)/z*4/6. Suppose 2*d + c = 17. What are the prime factors of d?
2
Let l(u) = u**2 - 5. Let r be l(-5). Suppose 0 = -5*d + 65 + r. What are the prime factors of d?
17
Let g = 159 - 108. What are the prime factors of g?
3, 17
Let s(r) = 2*r + 1. Let m be s(-2). List the prime factors of 0 - (-5 - m) - 0.
2
Let i = 104 + -35. What are the prime factors of i?
3, 23
Suppose -4*j - 4*n + 120 = 0, 0 = 2*j + 4*n - 54. List the prime factors of j.
3, 11
Suppose 5*c = 5*v + 15, c + v = 2 - 3. Let w be ((0/2)/(-3))/c. Suppose w = 4*l + l - 50. What are the prime factors of l?
2, 5
Let z = -41 - -70. What are the prime factors of z?
29
Let z = -18 + 9. Let m = z + 6. List the prime factors of 3/(m/(-7))*1.
7
Let g(t) = 5*t. Let u be g(1). Let w(q) = 2*q - 6. Let k be w(u). What are the prime factors of k + -2 + (-1 - -5)?
2, 3
Let i be (-69)/(-2)*(-6)/(-9). Let h = i - 15. List the prime factors of h.
2
Let t be 1 + (1 - -13)*-8. Let w be t/(-6) - (-2)/(-4). What are the prime factors of w + -3 + -2 + 2?
3, 5
Suppose -2*s + 30 + 48 = 0. List the prime factors of s.
3, 13
Let k = 0 - 1. List the prime factors of (9 + -10)*8/k.
2
Let a(u) = 8*u. Let x be a(-1). Let l be 2/(-8) + 14/x. What are the prime factors of (l/3)/(2/(-12))?
2
Suppose 10 = -3*w + 4*o, 0 = 3*w + 4*o - o + 24. Let f be -2*-3*1/w. List the prime factors of -1*11*(f + 0).
11
Let x be 121 - (8/(-4) + 4). Suppose 2*u + 0 - 4 = 0, 0 = 5*g - 3*u - x. List the prime factors of g.
5
Let a = 9 - 8. Suppose 0 = -y - a + 3. What are the prime factors of y?
2
Suppose 6*y - 612 = -0*y. What are the prime factors of y?
2, 3, 17
Suppose -8 = 3*c + 10. Let g be 3*((-16)/c + -1). Suppose g*z - 86 = -3*f, 2*z = -0*z + 5*f + 53. List the prime factors of z.
19
Suppose -6*t + 243 = -3*t. List the prime factors of t.
3
Suppose -5*d = -0*j - 2*j, -52 = 4*j + 3*d. Let o be (4/j)/(1/(-15)). Suppose 12 = 2*z - o. List the prime factors of z.
3
Let z(r) be the third derivative of -r**5/60 - r**4/2 - 2*r**3/3 + 6*r**2. List the prime factors of z(-9).
23
Suppose 2*z = 2, -3*g + 3*z - 39 = -0*g. What are the prime factors of ((-63)/g)/(12/32)?
2, 7
Let p = 8 - 5. Suppose -x + 47 + 12 = -3*o, 2*x + 44 = -p*o. Let n = -9 - o. List the prime factors of n.
3
What are the prime factors of (-6)/3*2/(-3)*69?
2, 23
Let f = -362 - -572. Suppose 4*n + 3*m + 51 = f, -4*m + 20 = 0. List the prime factors of n.
2, 3
Let w(d) = d**2 - d + 3. What are the prime factors of w(-5)?
3, 11
Let h(r) = -r**3 + 2*r - 9. What are the prime factors of h(-5)?
2, 53
Let f be 2/6*(89 - 2). Suppose 6 + f = 5*v. List the prime factors of v.
7
Suppose 5*w - 37 = 8. Let i(n) = n**3 - 9*n**2 + 8. What are the prime factors of i(w)?
2
Suppose -2*u - o - 1 = 0, -u - 11 - 2 = 3*o. Let v(h) = h**3 - 6*h**2 - h + 8. Let f be v(6). What are the prime factors of (f - 2)/u - -2?
2
List the prime factors of 101/4 + 14/(-56).
5
Suppose -5*x + 53 - 3 = 0.